{"id":11716,"date":"2022-03-28T13:15:57","date_gmt":"2022-03-28T16:15:57","guid":{"rendered":"https:\/\/curriculo.sedu.es.gov.br\/curriculo\/?page_id=11716"},"modified":"2024-05-02T13:32:55","modified_gmt":"2024-05-02T16:32:55","slug":"itinerario-de-formacao-tecnica-e-profissional-35-aulas-semanais-aprofundamento-guia-de-turismo","status":"publish","type":"page","link":"https:\/\/curriculo.sedu.es.gov.br\/curriculo\/itinerario-de-formacao-tecnica-e-profissional-35-aulas-semanais-aprofundamento-guia-de-turismo\/","title":{"rendered":"ITINER\u00c1RIO DE FORMA\u00c7\u00c3O T\u00c9CNICA E PROFISSIONAL &#8211; 35 aulas semanais &#8211; Aprofundamento &#8211; GUIA DE TURISMO"},"content":{"rendered":"\n<div data-wp-interactive=\"core\/file\" class=\"wp-block-file\"><object data-wp-bind--hidden=\"!state.hasPdfPreview\" hidden class=\"wp-block-file__embed\" data=\"https:\/\/curriculo.sedu.es.gov.br\/curriculo\/wp-content\/uploads\/2022\/01\/Guia-de-Turismo_-35-aulas-semanais.pdf\" type=\"application\/pdf\" style=\"width:100%;height:600px\" aria-label=\"Incorporado de Incorporado de Guia-de-Turismo_-35-aulas-semanais..\"><\/object><a id=\"wp-block-file--media-8f6485b6-d2da-4554-82a5-47f86843279e\" href=\"https:\/\/curriculo.sedu.es.gov.br\/curriculo\/wp-content\/uploads\/2022\/01\/Guia-de-Turismo_-35-aulas-semanais.pdf\">Guia-de-Turismo_-35-aulas-semanais<\/a><a href=\"https:\/\/curriculo.sedu.es.gov.br\/curriculo\/wp-content\/uploads\/2022\/01\/Guia-de-Turismo_-35-aulas-semanais.pdf\" class=\"wp-block-file__button\" download aria-describedby=\"wp-block-file--media-8f6485b6-d2da-4554-82a5-47f86843279e\">Baixar<\/a><\/div>\n","protected":false},"excerpt":{"rendered":"","protected":false},"author":1,"featured_media":0,"parent":0,"menu_order":0,"comment_status":"closed","ping_status":"closed","template":"","meta":{"footnotes":""},"class_list":["post-11716","page","type-page","status-publish","hentry"],"_links":{"self":[{"href":"https:\/\/curriculo.sedu.es.gov.br\/curriculo\/wp-json\/wp\/v2\/pages\/11716","targetHints":{"allow":["GET"]}}],"collection":[{"href":"https:\/\/curriculo.sedu.es.gov.br\/curriculo\/wp-json\/wp\/v2\/pages"}],"about":[{"href":"https:\/\/curriculo.sedu.es.gov.br\/curriculo\/wp-json\/wp\/v2\/types\/page"}],"author":[{"embeddable":true,"href":"https:\/\/curriculo.sedu.es.gov.br\/curriculo\/wp-json\/wp\/v2\/users\/1"}],"replies":[{"embeddable":true,"href":"https:\/\/curriculo.sedu.es.gov.br\/curriculo\/wp-json\/wp\/v2\/comments?post=11716"}],"version-history":[{"count":0,"href":"https:\/\/curriculo.sedu.es.gov.br\/curriculo\/wp-json\/wp\/v2\/pages\/11716\/revisions"}],"wp:attachment":[{"href":"https:\/\/curriculo.sedu.es.gov.br\/curriculo\/wp-json\/wp\/v2\/media?parent=11716"}],"curies":[{"name":"wp","href":"https:\/\/api.w.org\/{rel}","templated":true}]}}