{"id":11783,"date":"2022-03-28T14:08:12","date_gmt":"2022-03-28T17:08:12","guid":{"rendered":"https:\/\/curriculo.sedu.es.gov.br\/curriculo\/?page_id=11783"},"modified":"2024-05-02T13:37:54","modified_gmt":"2024-05-02T16:37:54","slug":"itinerario-de-formacao-tecnica-e-profissional-43-aulas-semanais-aprofundamento-publicidade","status":"publish","type":"page","link":"https:\/\/curriculo.sedu.es.gov.br\/curriculo\/itinerario-de-formacao-tecnica-e-profissional-43-aulas-semanais-aprofundamento-publicidade\/","title":{"rendered":"ITINER\u00c1RIO DE FORMA\u00c7\u00c3O T\u00c9CNICA E PROFISSIONAL &#8211; 43 aulas semanais &#8211; Aprofundamento &#8211; PUBLICIDADE"},"content":{"rendered":"\n<div data-wp-interactive=\"core\/file\" class=\"wp-block-file\"><object data-wp-bind--hidden=\"!state.hasPdfPreview\" hidden class=\"wp-block-file__embed\" data=\"https:\/\/curriculo.sedu.es.gov.br\/curriculo\/wp-content\/uploads\/2022\/01\/Publicidade_-43-aulas-semanais.pdf\" type=\"application\/pdf\" style=\"width:100%;height:600px\" aria-label=\"Incorporado de Incorporado de Publicidade_-43-aulas-semanais..\"><\/object><a id=\"wp-block-file--media-bca1a383-54a0-465b-8396-73718457bdd7\" href=\"https:\/\/curriculo.sedu.es.gov.br\/curriculo\/wp-content\/uploads\/2022\/01\/Publicidade_-43-aulas-semanais.pdf\">Publicidade_-43-aulas-semanais<\/a><a href=\"https:\/\/curriculo.sedu.es.gov.br\/curriculo\/wp-content\/uploads\/2022\/01\/Publicidade_-43-aulas-semanais.pdf\" class=\"wp-block-file__button\" download aria-describedby=\"wp-block-file--media-bca1a383-54a0-465b-8396-73718457bdd7\">Baixar<\/a><\/div>\n","protected":false},"excerpt":{"rendered":"","protected":false},"author":1,"featured_media":0,"parent":0,"menu_order":0,"comment_status":"closed","ping_status":"closed","template":"","meta":{"footnotes":""},"class_list":["post-11783","page","type-page","status-publish","hentry"],"_links":{"self":[{"href":"https:\/\/curriculo.sedu.es.gov.br\/curriculo\/wp-json\/wp\/v2\/pages\/11783","targetHints":{"allow":["GET"]}}],"collection":[{"href":"https:\/\/curriculo.sedu.es.gov.br\/curriculo\/wp-json\/wp\/v2\/pages"}],"about":[{"href":"https:\/\/curriculo.sedu.es.gov.br\/curriculo\/wp-json\/wp\/v2\/types\/page"}],"author":[{"embeddable":true,"href":"https:\/\/curriculo.sedu.es.gov.br\/curriculo\/wp-json\/wp\/v2\/users\/1"}],"replies":[{"embeddable":true,"href":"https:\/\/curriculo.sedu.es.gov.br\/curriculo\/wp-json\/wp\/v2\/comments?post=11783"}],"version-history":[{"count":0,"href":"https:\/\/curriculo.sedu.es.gov.br\/curriculo\/wp-json\/wp\/v2\/pages\/11783\/revisions"}],"wp:attachment":[{"href":"https:\/\/curriculo.sedu.es.gov.br\/curriculo\/wp-json\/wp\/v2\/media?parent=11783"}],"curies":[{"name":"wp","href":"https:\/\/api.w.org\/{rel}","templated":true}]}}