{"id":12023,"date":"2022-04-06T11:52:38","date_gmt":"2022-04-06T14:52:38","guid":{"rendered":"https:\/\/curriculo.sedu.es.gov.br\/curriculo\/?page_id=12023"},"modified":"2026-04-15T16:42:31","modified_gmt":"2026-04-15T19:42:31","slug":"cadernosmetodologicos","status":"publish","type":"page","link":"https:\/\/curriculo.sedu.es.gov.br\/curriculo\/cadernosmetodologicos\/","title":{"rendered":"Cadernos Metodol\u00f3gicos"},"content":{"rendered":"\t\t<div data-elementor-type=\"wp-page\" data-elementor-id=\"12023\" class=\"elementor elementor-12023\" data-elementor-post-type=\"page\">\n\t\t\t\t<div class=\"elementor-element elementor-element-29703f66 e-flex e-con-boxed e-con e-parent\" data-id=\"29703f66\" data-element_type=\"container\" data-e-type=\"container\" data-settings=\"{&quot;background_background&quot;:&quot;classic&quot;}\">\n\t\t\t\t\t<div class=\"e-con-inner\">\n\t\t\t\t<div class=\"elementor-element elementor-element-1fa6b10 elementor-widget elementor-widget-image\" data-id=\"1fa6b10\" data-element_type=\"widget\" data-e-type=\"widget\" data-widget_type=\"image.default\">\n\t\t\t\t\t\t\t\t\t\t\t\t\t\t\t<img fetchpriority=\"high\" decoding=\"async\" width=\"1600\" height=\"82\" src=\"https:\/\/curriculo.sedu.es.gov.br\/curriculo\/wp-content\/uploads\/2026\/02\/CAD-MET.png\" class=\"attachment-full size-full wp-image-34361\" alt=\"\" srcset=\"https:\/\/curriculo.sedu.es.gov.br\/curriculo\/wp-content\/uploads\/2026\/02\/CAD-MET.png 1600w, https:\/\/curriculo.sedu.es.gov.br\/curriculo\/wp-content\/uploads\/2026\/02\/CAD-MET-300x15.png 300w, https:\/\/curriculo.sedu.es.gov.br\/curriculo\/wp-content\/uploads\/2026\/02\/CAD-MET-1024x52.png 1024w, https:\/\/curriculo.sedu.es.gov.br\/curriculo\/wp-content\/uploads\/2026\/02\/CAD-MET-768x39.png 768w, https:\/\/curriculo.sedu.es.gov.br\/curriculo\/wp-content\/uploads\/2026\/02\/CAD-MET-1536x79.png 1536w\" sizes=\"(max-width: 1600px) 100vw, 1600px\" \/>\t\t\t\t\t\t\t\t\t\t\t\t\t\t\t<\/div>\n\t\t\t\t<div class=\"elementor-element elementor-element-c38b842 elementor-widget elementor-widget-text-editor\" data-id=\"c38b842\" data-element_type=\"widget\" data-e-type=\"widget\" data-widget_type=\"text-editor.default\">\n\t\t\t\t\t\t\t\t\t<h4><em><span style=\"color: #3b4381;\">Caro(a)<\/span><span style=\"color: #3b4381;\"> P<\/span>rof<span style=\"color: #3b4381;\">essor(a)!<\/span><\/em><\/h4><h4><span style=\"color: #3b4381;\"><em>O Governo do Estado do Esp\u00edrito Santo, por meio da Secretaria de Estado da Educa\u00e7\u00e3o, da Subsecretaria de Educa\u00e7\u00e3o B\u00e1sica e Profissional \u2013 Ger\u00eancia de Curr\u00edculo da Educa\u00e7\u00e3o B\u00e1sica (GECEB) em conjunto com outras institui\u00e7\u00f5es, (Secretaria de Direitos Humanos, Secretaria da Fazenda, Universidade Federal do Esp\u00edrito Santo e o Instituto Federal do Espirito Santo) a fim de fomentar a implementa\u00e7\u00e3o dos Temas Integradores em sala de aula, firmaram parceria para elaborar os Cadernos Metodol\u00f3gicos.<\/em><\/span><\/h4><h4><span style=\"color: #3b4381;\"><em>Os Cadernos est\u00e3o em conson\u00e2ncia com as novas Diretrizes da Educa\u00e7\u00e3o propostas pela Base Nacional Comum Curricular-BNCC, com o Curr\u00edculo do Esp\u00edrito Santo e com as diretrizes das parcerias estabelecidas.<\/em><\/span><\/h4><h4><span style=\"color: #3b4381;\"><em>\u00c9 oportuno destacar que os Cadernos Metodol\u00f3gicos delineiam ferramentas estrat\u00e9gicas de natureza socioemocionais e cognitivas para que os estudantes possam tomar decis\u00f5es claras, objetivas e salutares para o bem-estar de cada um.<\/em><\/span><\/h4>\t\t\t\t\t\t\t\t<\/div>\n\t\t<div class=\"elementor-element elementor-element-3ef1f42d e-con-full e-flex e-con e-child\" data-id=\"3ef1f42d\" data-element_type=\"container\" data-e-type=\"container\">\n\t\t<div class=\"elementor-element elementor-element-fd6654d e-grid e-con-boxed e-con e-child\" data-id=\"fd6654d\" data-element_type=\"container\" data-e-type=\"container\">\n\t\t\t\t\t<div class=\"e-con-inner\">\n\t\t\t\t<div class=\"elementor-element elementor-element-0008931 elementor-widget elementor-widget-image\" data-id=\"0008931\" data-element_type=\"widget\" data-e-type=\"widget\" data-widget_type=\"image.default\">\n\t\t\t\t\t\t\t\t\t\t\t\t\t\t\t\t<a href=\"https:\/\/curriculo.sedu.es.gov.br\/curriculo\/wp-content\/uploads\/2026\/04\/Caderno-de-Inteligencia-ArtificialF.pdf\" target=\"_blank\">\n\t\t\t\t\t\t\t<img decoding=\"async\" width=\"593\" height=\"840\" src=\"https:\/\/curriculo.sedu.es.gov.br\/curriculo\/wp-content\/uploads\/2026\/04\/capa.png\" class=\"attachment-full size-full wp-image-35163\" alt=\"\" srcset=\"https:\/\/curriculo.sedu.es.gov.br\/curriculo\/wp-content\/uploads\/2026\/04\/capa.png 593w, https:\/\/curriculo.sedu.es.gov.br\/curriculo\/wp-content\/uploads\/2026\/04\/capa-212x300.png 212w\" sizes=\"(max-width: 593px) 100vw, 593px\" \/>\t\t\t\t\t\t\t\t<\/a>\n\t\t\t\t\t\t\t\t\t\t\t\t\t\t\t<\/div>\n\t\t\t\t<div class=\"elementor-element elementor-element-0929ac5 elementor-widget elementor-widget-image\" data-id=\"0929ac5\" data-element_type=\"widget\" data-e-type=\"widget\" data-widget_type=\"image.default\">\n\t\t\t\t\t\t\t\t\t\t\t\t\t\t\t\t<a href=\"https:\/\/curriculo.sedu.es.gov.br\/curriculo\/wp-content\/uploads\/2025\/06\/CADERNO-METODOLOGICO-POVOS-E-COMUNIDADES-TRADICIONAIS_160625.pdf\" target=\"_blank\">\n\t\t\t\t\t\t\t<img decoding=\"async\" width=\"593\" height=\"837\" src=\"https:\/\/curriculo.sedu.es.gov.br\/curriculo\/wp-content\/uploads\/2025\/06\/PCT.png\" class=\"attachment-full size-full wp-image-30572\" alt=\"\" srcset=\"https:\/\/curriculo.sedu.es.gov.br\/curriculo\/wp-content\/uploads\/2025\/06\/PCT.png 593w, https:\/\/curriculo.sedu.es.gov.br\/curriculo\/wp-content\/uploads\/2025\/06\/PCT-213x300.png 213w\" sizes=\"(max-width: 593px) 100vw, 593px\" \/>\t\t\t\t\t\t\t\t<\/a>\n\t\t\t\t\t\t\t\t\t\t\t\t\t\t\t<\/div>\n\t\t\t\t<div class=\"elementor-element elementor-element-347857d elementor-widget elementor-widget-image\" data-id=\"347857d\" data-element_type=\"widget\" data-e-type=\"widget\" data-widget_type=\"image.default\">\n\t\t\t\t\t\t\t\t\t\t\t\t\t\t\t\t<a href=\"https:\/\/curriculo.sedu.es.gov.br\/curriculo\/wp-content\/uploads\/2025\/05\/CADERNO-METODOLOGICO-EDUCACAO-PARA-O-TRANSITO130525.pdf\" target=\"_blank\">\n\t\t\t\t\t\t\t<img loading=\"lazy\" decoding=\"async\" width=\"639\" height=\"909\" src=\"https:\/\/curriculo.sedu.es.gov.br\/curriculo\/wp-content\/uploads\/2025\/05\/EDUCACAO-PARA-O-TRANSITO.png\" class=\"attachment-full size-full wp-image-30007\" alt=\"\" srcset=\"https:\/\/curriculo.sedu.es.gov.br\/curriculo\/wp-content\/uploads\/2025\/05\/EDUCACAO-PARA-O-TRANSITO.png 639w, https:\/\/curriculo.sedu.es.gov.br\/curriculo\/wp-content\/uploads\/2025\/05\/EDUCACAO-PARA-O-TRANSITO-211x300.png 211w\" sizes=\"(max-width: 639px) 100vw, 639px\" \/>\t\t\t\t\t\t\t\t<\/a>\n\t\t\t\t\t\t\t\t\t\t\t\t\t\t\t<\/div>\n\t\t\t\t<div class=\"elementor-element elementor-element-fcc98d5 elementor-widget elementor-widget-image\" data-id=\"fcc98d5\" data-element_type=\"widget\" data-e-type=\"widget\" data-widget_type=\"image.default\">\n\t\t\t\t\t\t\t\t\t\t\t\t\t\t\t\t<a href=\"https:\/\/curriculo.sedu.es.gov.br\/curriculo\/wp-content\/uploads\/2025\/05\/CADERNO-METODOLOGICO-PIC-JUNIOR-VOLUME-1_140525.pdf\" target=\"_blank\">\n\t\t\t\t\t\t\t<img loading=\"lazy\" decoding=\"async\" width=\"635\" height=\"897\" src=\"https:\/\/curriculo.sedu.es.gov.br\/curriculo\/wp-content\/uploads\/2025\/04\/PIC1.png\" class=\"attachment-full size-full wp-image-29702\" alt=\"\" srcset=\"https:\/\/curriculo.sedu.es.gov.br\/curriculo\/wp-content\/uploads\/2025\/04\/PIC1.png 635w, https:\/\/curriculo.sedu.es.gov.br\/curriculo\/wp-content\/uploads\/2025\/04\/PIC1-212x300.png 212w\" sizes=\"(max-width: 635px) 100vw, 635px\" \/>\t\t\t\t\t\t\t\t<\/a>\n\t\t\t\t\t\t\t\t\t\t\t\t\t\t\t<\/div>\n\t\t\t\t<div class=\"elementor-element elementor-element-d22630b elementor-widget elementor-widget-image\" data-id=\"d22630b\" data-element_type=\"widget\" data-e-type=\"widget\" data-widget_type=\"image.default\">\n\t\t\t\t\t\t\t\t\t\t\t\t\t\t\t\t<a href=\"https:\/\/curriculo.sedu.es.gov.br\/curriculo\/wp-content\/uploads\/2025\/05\/CADERNO-METODOLOGICO-PIC-JUNIOR-VOLUME-2_140525.pdf\" target=\"_blank\">\n\t\t\t\t\t\t\t<img loading=\"lazy\" decoding=\"async\" width=\"633\" height=\"905\" src=\"https:\/\/curriculo.sedu.es.gov.br\/curriculo\/wp-content\/uploads\/2025\/04\/PIC2.png\" class=\"attachment-full size-full wp-image-29701\" alt=\"\" srcset=\"https:\/\/curriculo.sedu.es.gov.br\/curriculo\/wp-content\/uploads\/2025\/04\/PIC2.png 633w, https:\/\/curriculo.sedu.es.gov.br\/curriculo\/wp-content\/uploads\/2025\/04\/PIC2-210x300.png 210w\" sizes=\"(max-width: 633px) 100vw, 633px\" \/>\t\t\t\t\t\t\t\t<\/a>\n\t\t\t\t\t\t\t\t\t\t\t\t\t\t\t<\/div>\n\t\t\t\t<div class=\"elementor-element elementor-element-a07c837 elementor-widget elementor-widget-image\" data-id=\"a07c837\" data-element_type=\"widget\" data-e-type=\"widget\" data-widget_type=\"image.default\">\n\t\t\t\t\t\t\t\t\t\t\t\t\t\t\t\t<a href=\"https:\/\/curriculo.sedu.es.gov.br\/curriculo\/wp-content\/uploads\/2025\/04\/Caderno-Robotica-Programacao-e-Pensamento-Computacional010425.pdf\" target=\"_blank\">\n\t\t\t\t\t\t\t<img loading=\"lazy\" decoding=\"async\" width=\"509\" height=\"719\" src=\"https:\/\/curriculo.sedu.es.gov.br\/curriculo\/wp-content\/uploads\/2025\/03\/robotica.png\" class=\"attachment-full size-full wp-image-29533\" alt=\"\" srcset=\"https:\/\/curriculo.sedu.es.gov.br\/curriculo\/wp-content\/uploads\/2025\/03\/robotica.png 509w, https:\/\/curriculo.sedu.es.gov.br\/curriculo\/wp-content\/uploads\/2025\/03\/robotica-212x300.png 212w\" sizes=\"(max-width: 509px) 100vw, 509px\" \/>\t\t\t\t\t\t\t\t<\/a>\n\t\t\t\t\t\t\t\t\t\t\t\t\t\t\t<\/div>\n\t\t\t\t<div class=\"elementor-element elementor-element-1a0f216 elementor-widget elementor-widget-image\" data-id=\"1a0f216\" data-element_type=\"widget\" data-e-type=\"widget\" data-widget_type=\"image.default\">\n\t\t\t\t\t\t\t\t\t\t\t\t\t\t\t\t<a href=\"https:\/\/curriculo.sedu.es.gov.br\/curriculo\/wp-content\/uploads\/2024\/11\/CADERNO-METODOLOGICO-EDUCACAO-E-ENVELHECIMENTO04_11.pdf\" target=\"_blank\">\n\t\t\t\t\t\t\t<img loading=\"lazy\" decoding=\"async\" width=\"595\" height=\"843\" src=\"https:\/\/curriculo.sedu.es.gov.br\/curriculo\/wp-content\/uploads\/2024\/10\/Envelhecimento.png\" class=\"attachment-full size-full wp-image-26551\" alt=\"\" srcset=\"https:\/\/curriculo.sedu.es.gov.br\/curriculo\/wp-content\/uploads\/2024\/10\/Envelhecimento.png 595w, https:\/\/curriculo.sedu.es.gov.br\/curriculo\/wp-content\/uploads\/2024\/10\/Envelhecimento-212x300.png 212w, https:\/\/curriculo.sedu.es.gov.br\/curriculo\/wp-content\/uploads\/2024\/10\/Envelhecimento-500x708.png 500w\" sizes=\"(max-width: 595px) 100vw, 595px\" \/>\t\t\t\t\t\t\t\t<\/a>\n\t\t\t\t\t\t\t\t\t\t\t\t\t\t\t<\/div>\n\t\t\t\t<div class=\"elementor-element elementor-element-40a54c6 elementor-widget elementor-widget-image\" data-id=\"40a54c6\" data-element_type=\"widget\" data-e-type=\"widget\" data-widget_type=\"image.default\">\n\t\t\t\t\t\t\t\t\t\t\t\t\t\t\t\t<a href=\"https:\/\/curriculo.sedu.es.gov.br\/curriculo\/wp-content\/uploads\/2024\/09\/CADERNO-METODOLOGICO-CIDADANIA-6-E-7-18_09.pdf\">\n\t\t\t\t\t\t\t<img loading=\"lazy\" decoding=\"async\" width=\"539\" height=\"760\" src=\"https:\/\/curriculo.sedu.es.gov.br\/curriculo\/wp-content\/uploads\/2024\/09\/CIDADANIA-1.jpg\" class=\"attachment-large size-large wp-image-24007\" alt=\"\" srcset=\"https:\/\/curriculo.sedu.es.gov.br\/curriculo\/wp-content\/uploads\/2024\/09\/CIDADANIA-1.jpg 539w, https:\/\/curriculo.sedu.es.gov.br\/curriculo\/wp-content\/uploads\/2024\/09\/CIDADANIA-1-213x300.jpg 213w, https:\/\/curriculo.sedu.es.gov.br\/curriculo\/wp-content\/uploads\/2024\/09\/CIDADANIA-1-500x705.jpg 500w\" sizes=\"(max-width: 539px) 100vw, 539px\" \/>\t\t\t\t\t\t\t\t<\/a>\n\t\t\t\t\t\t\t\t\t\t\t\t\t\t\t<\/div>\n\t\t\t\t<div class=\"elementor-element elementor-element-30c3b22 elementor-widget elementor-widget-image\" data-id=\"30c3b22\" data-element_type=\"widget\" data-e-type=\"widget\" data-widget_type=\"image.default\">\n\t\t\t\t\t\t\t\t\t\t\t\t\t\t\t\t<a href=\"https:\/\/curriculo.sedu.es.gov.br\/curriculo\/wp-content\/uploads\/2024\/09\/CADERNO-METODOLOGICO-CIDADANIA-8-e-9-ANOS02-09.pdf\">\n\t\t\t\t\t\t\t<img loading=\"lazy\" decoding=\"async\" width=\"540\" height=\"762\" src=\"https:\/\/curriculo.sedu.es.gov.br\/curriculo\/wp-content\/uploads\/2024\/09\/CIDADANIA-2.jpg\" class=\"attachment-full size-full wp-image-24008\" alt=\"\" srcset=\"https:\/\/curriculo.sedu.es.gov.br\/curriculo\/wp-content\/uploads\/2024\/09\/CIDADANIA-2.jpg 540w, https:\/\/curriculo.sedu.es.gov.br\/curriculo\/wp-content\/uploads\/2024\/09\/CIDADANIA-2-213x300.jpg 213w, https:\/\/curriculo.sedu.es.gov.br\/curriculo\/wp-content\/uploads\/2024\/09\/CIDADANIA-2-500x706.jpg 500w\" sizes=\"(max-width: 540px) 100vw, 540px\" \/>\t\t\t\t\t\t\t\t<\/a>\n\t\t\t\t\t\t\t\t\t\t\t\t\t\t\t<\/div>\n\t\t\t\t<div class=\"elementor-element elementor-element-64c7696 elementor-widget elementor-widget-image\" data-id=\"64c7696\" data-element_type=\"widget\" data-e-type=\"widget\" data-widget_type=\"image.default\">\n\t\t\t\t\t\t\t\t\t\t\t\t\t\t\t\t<a href=\"https:\/\/curriculo.sedu.es.gov.br\/curriculo\/wp-content\/uploads\/2024\/09\/CADERNO-METODOLOGICO-CIDADAVIA-ENSINO-MEDIO-18_09.pdf\">\n\t\t\t\t\t\t\t<img loading=\"lazy\" decoding=\"async\" width=\"539\" height=\"763\" src=\"https:\/\/curriculo.sedu.es.gov.br\/curriculo\/wp-content\/uploads\/2024\/09\/CIDADANIA-3.jpg\" class=\"attachment-full size-full wp-image-24009\" alt=\"\" srcset=\"https:\/\/curriculo.sedu.es.gov.br\/curriculo\/wp-content\/uploads\/2024\/09\/CIDADANIA-3.jpg 539w, https:\/\/curriculo.sedu.es.gov.br\/curriculo\/wp-content\/uploads\/2024\/09\/CIDADANIA-3-212x300.jpg 212w, https:\/\/curriculo.sedu.es.gov.br\/curriculo\/wp-content\/uploads\/2024\/09\/CIDADANIA-3-500x708.jpg 500w\" sizes=\"(max-width: 539px) 100vw, 539px\" \/>\t\t\t\t\t\t\t\t<\/a>\n\t\t\t\t\t\t\t\t\t\t\t\t\t\t\t<\/div>\n\t\t\t\t<div class=\"elementor-element elementor-element-dcc728b elementor-widget elementor-widget-image\" data-id=\"dcc728b\" data-element_type=\"widget\" data-e-type=\"widget\" data-widget_type=\"image.default\">\n\t\t\t\t\t\t\t\t\t\t\t\t\t\t\t\t<a href=\"https:\/\/curriculo.sedu.es.gov.br\/curriculo\/wp-content\/uploads\/2025\/02\/Caderno-Metodologico_robotica.pdf\">\n\t\t\t\t\t\t\t<img loading=\"lazy\" decoding=\"async\" width=\"540\" height=\"762\" src=\"https:\/\/curriculo.sedu.es.gov.br\/curriculo\/wp-content\/uploads\/2024\/09\/ROB-ARDUINO.jpg\" class=\"attachment-full size-full wp-image-24010\" alt=\"\" srcset=\"https:\/\/curriculo.sedu.es.gov.br\/curriculo\/wp-content\/uploads\/2024\/09\/ROB-ARDUINO.jpg 540w, https:\/\/curriculo.sedu.es.gov.br\/curriculo\/wp-content\/uploads\/2024\/09\/ROB-ARDUINO-213x300.jpg 213w, https:\/\/curriculo.sedu.es.gov.br\/curriculo\/wp-content\/uploads\/2024\/09\/ROB-ARDUINO-500x706.jpg 500w\" sizes=\"(max-width: 540px) 100vw, 540px\" \/>\t\t\t\t\t\t\t\t<\/a>\n\t\t\t\t\t\t\t\t\t\t\t\t\t\t\t<\/div>\n\t\t\t\t<div class=\"elementor-element elementor-element-d35ea6f elementor-widget elementor-widget-image\" data-id=\"d35ea6f\" data-element_type=\"widget\" data-e-type=\"widget\" data-widget_type=\"image.default\">\n\t\t\t\t\t\t\t\t\t\t\t\t\t\t\t\t<a href=\"https:\/\/drive.google.com\/file\/d\/1vwnWc8WJpeCiaHx6atEn1eYbIjShd7K5\/view?usp=sharing\">\n\t\t\t\t\t\t\t<img loading=\"lazy\" decoding=\"async\" width=\"543\" height=\"769\" src=\"https:\/\/curriculo.sedu.es.gov.br\/curriculo\/wp-content\/uploads\/2024\/09\/ED-AMB.jpg\" class=\"attachment-full size-full wp-image-24011\" alt=\"\" srcset=\"https:\/\/curriculo.sedu.es.gov.br\/curriculo\/wp-content\/uploads\/2024\/09\/ED-AMB.jpg 543w, https:\/\/curriculo.sedu.es.gov.br\/curriculo\/wp-content\/uploads\/2024\/09\/ED-AMB-212x300.jpg 212w, https:\/\/curriculo.sedu.es.gov.br\/curriculo\/wp-content\/uploads\/2024\/09\/ED-AMB-500x708.jpg 500w\" sizes=\"(max-width: 543px) 100vw, 543px\" \/>\t\t\t\t\t\t\t\t<\/a>\n\t\t\t\t\t\t\t\t\t\t\t\t\t\t\t<\/div>\n\t\t\t\t<div class=\"elementor-element elementor-element-4d67087 elementor-widget elementor-widget-image\" data-id=\"4d67087\" data-element_type=\"widget\" data-e-type=\"widget\" data-widget_type=\"image.default\">\n\t\t\t\t\t\t\t\t\t\t\t\t\t\t\t\t<a href=\"https:\/\/drive.google.com\/file\/d\/122qjctxOJer35W0iyMpTZfgezqx59Cx3\/view?usp=sharing\">\n\t\t\t\t\t\t\t<img loading=\"lazy\" decoding=\"async\" width=\"538\" height=\"762\" src=\"https:\/\/curriculo.sedu.es.gov.br\/curriculo\/wp-content\/uploads\/2024\/09\/PREVDROGAS.jpg\" class=\"attachment-full size-full wp-image-24012\" alt=\"\" srcset=\"https:\/\/curriculo.sedu.es.gov.br\/curriculo\/wp-content\/uploads\/2024\/09\/PREVDROGAS.jpg 538w, https:\/\/curriculo.sedu.es.gov.br\/curriculo\/wp-content\/uploads\/2024\/09\/PREVDROGAS-212x300.jpg 212w, https:\/\/curriculo.sedu.es.gov.br\/curriculo\/wp-content\/uploads\/2024\/09\/PREVDROGAS-500x708.jpg 500w\" sizes=\"(max-width: 538px) 100vw, 538px\" \/>\t\t\t\t\t\t\t\t<\/a>\n\t\t\t\t\t\t\t\t\t\t\t\t\t\t\t<\/div>\n\t\t\t\t<div class=\"elementor-element elementor-element-698b37e elementor-widget elementor-widget-image\" data-id=\"698b37e\" data-element_type=\"widget\" data-e-type=\"widget\" data-widget_type=\"image.default\">\n\t\t\t\t\t\t\t\t\t\t\t\t\t\t\t\t<a href=\"https:\/\/drive.google.com\/file\/d\/1FgvLtlHe8dNAhztnFjU5pjGMbp2EfG5C\/view?usp=sharing\">\n\t\t\t\t\t\t\t<img loading=\"lazy\" decoding=\"async\" width=\"538\" height=\"762\" src=\"https:\/\/curriculo.sedu.es.gov.br\/curriculo\/wp-content\/uploads\/2024\/09\/PENSACOMP.jpg\" class=\"attachment-full size-full wp-image-24013\" alt=\"\" srcset=\"https:\/\/curriculo.sedu.es.gov.br\/curriculo\/wp-content\/uploads\/2024\/09\/PENSACOMP.jpg 538w, https:\/\/curriculo.sedu.es.gov.br\/curriculo\/wp-content\/uploads\/2024\/09\/PENSACOMP-212x300.jpg 212w, https:\/\/curriculo.sedu.es.gov.br\/curriculo\/wp-content\/uploads\/2024\/09\/PENSACOMP-500x708.jpg 500w\" sizes=\"(max-width: 538px) 100vw, 538px\" \/>\t\t\t\t\t\t\t\t<\/a>\n\t\t\t\t\t\t\t\t\t\t\t\t\t\t\t<\/div>\n\t\t\t\t<div class=\"elementor-element elementor-element-8aa1375 elementor-widget elementor-widget-image\" data-id=\"8aa1375\" data-element_type=\"widget\" data-e-type=\"widget\" data-widget_type=\"image.default\">\n\t\t\t\t\t\t\t\t\t\t\t\t\t\t\t\t<a href=\"https:\/\/drive.google.com\/file\/d\/1qakMO52CyYS_O5oMuOuiUUNT8mtYMG1r\/view?usp=sharing\">\n\t\t\t\t\t\t\t<img loading=\"lazy\" decoding=\"async\" width=\"539\" height=\"762\" src=\"https:\/\/curriculo.sedu.es.gov.br\/curriculo\/wp-content\/uploads\/2024\/09\/MULHERES.jpg\" class=\"attachment-full size-full wp-image-24014\" alt=\"\" srcset=\"https:\/\/curriculo.sedu.es.gov.br\/curriculo\/wp-content\/uploads\/2024\/09\/MULHERES.jpg 539w, https:\/\/curriculo.sedu.es.gov.br\/curriculo\/wp-content\/uploads\/2024\/09\/MULHERES-212x300.jpg 212w, https:\/\/curriculo.sedu.es.gov.br\/curriculo\/wp-content\/uploads\/2024\/09\/MULHERES-500x707.jpg 500w\" sizes=\"(max-width: 539px) 100vw, 539px\" \/>\t\t\t\t\t\t\t\t<\/a>\n\t\t\t\t\t\t\t\t\t\t\t\t\t\t\t<\/div>\n\t\t\t\t<div class=\"elementor-element elementor-element-fd411a3 elementor-widget elementor-widget-image\" data-id=\"fd411a3\" data-element_type=\"widget\" data-e-type=\"widget\" data-widget_type=\"image.default\">\n\t\t\t\t\t\t\t\t\t\t\t\t\t\t\t\t<a href=\"https:\/\/curriculo.sedu.es.gov.br\/curriculo\/wp-content\/uploads\/2024\/10\/CADERNO-METODOLOGICO-EDUCACAO-FISCAL03_10.pdf\">\n\t\t\t\t\t\t\t<img loading=\"lazy\" decoding=\"async\" width=\"538\" height=\"750\" src=\"https:\/\/curriculo.sedu.es.gov.br\/curriculo\/wp-content\/uploads\/2024\/09\/EDFISCAL.jpg\" class=\"attachment-full size-full wp-image-24015\" alt=\"\" srcset=\"https:\/\/curriculo.sedu.es.gov.br\/curriculo\/wp-content\/uploads\/2024\/09\/EDFISCAL.jpg 538w, https:\/\/curriculo.sedu.es.gov.br\/curriculo\/wp-content\/uploads\/2024\/09\/EDFISCAL-215x300.jpg 215w, https:\/\/curriculo.sedu.es.gov.br\/curriculo\/wp-content\/uploads\/2024\/09\/EDFISCAL-500x697.jpg 500w\" sizes=\"(max-width: 538px) 100vw, 538px\" \/>\t\t\t\t\t\t\t\t<\/a>\n\t\t\t\t\t\t\t\t\t\t\t\t\t\t\t<\/div>\n\t\t\t\t\t<\/div>\n\t\t\t\t<\/div>\n\t\t\t\t<\/div>\n\t\t\t\t<div class=\"elementor-element elementor-element-39aeeab3 elementor-widget elementor-widget-spacer\" data-id=\"39aeeab3\" data-element_type=\"widget\" data-e-type=\"widget\" data-widget_type=\"spacer.default\">\n\t\t\t\t\t\t\t<div class=\"elementor-spacer\">\n\t\t\t<div class=\"elementor-spacer-inner\"><\/div>\n\t\t<\/div>\n\t\t\t\t\t\t<\/div>\n\t\t<div class=\"elementor-element elementor-element-a5e329e e-flex e-con-boxed e-con e-child\" data-id=\"a5e329e\" data-element_type=\"container\" data-e-type=\"container\">\n\t\t\t\t\t<div class=\"e-con-inner\">\n\t\t\t\t<div class=\"elementor-element elementor-element-4a59e00 elementor-view-stacked elementor-shape-circle elementor-widget elementor-widget-icon\" data-id=\"4a59e00\" data-element_type=\"widget\" data-e-type=\"widget\" data-widget_type=\"icon.default\">\n\t\t\t\t\t\t\t<div class=\"elementor-icon-wrapper\">\n\t\t\t<a class=\"elementor-icon\" href=\"https:\/\/curriculo.sedu.es.gov.br\/curriculo\/\">\n\t\t\t<svg aria-hidden=\"true\" class=\"e-font-icon-svg e-fas-undo\" viewBox=\"0 0 512 512\" xmlns=\"http:\/\/www.w3.org\/2000\/svg\"><path d=\"M212.333 224.333H12c-6.627 0-12-5.373-12-12V12C0 5.373 5.373 0 12 0h48c6.627 0 12 5.373 12 12v78.112C117.773 39.279 184.26 7.47 258.175 8.007c136.906.994 246.448 111.623 246.157 248.532C504.041 393.258 393.12 504 256.333 504c-64.089 0-122.496-24.313-166.51-64.215-5.099-4.622-5.334-12.554-.467-17.42l33.967-33.967c4.474-4.474 11.662-4.717 16.401-.525C170.76 415.336 211.58 432 256.333 432c97.268 0 176-78.716 176-176 0-97.267-78.716-176-176-176-58.496 0-110.28 28.476-142.274 72.333h98.274c6.627 0 12 5.373 12 12v48c0 6.627-5.373 12-12 12z\"><\/path><\/svg>\t\t\t<\/a>\n\t\t<\/div>\n\t\t\t\t\t\t<\/div>\n\t\t\t\t\t<\/div>\n\t\t\t\t<\/div>\n\t\t\t\t\t<\/div>\n\t\t\t\t<\/div>\n\t\t<div class=\"elementor-element elementor-element-190eb7d1 e-flex e-con-boxed e-con e-parent\" data-id=\"190eb7d1\" data-element_type=\"container\" data-e-type=\"container\">\n\t\t\t\t\t<div class=\"e-con-inner\">\n\t\t\t\t\t<\/div>\n\t\t\t\t<\/div>\n\t\t<div class=\"elementor-element elementor-element-2f41474 e-flex e-con-boxed e-con e-parent\" data-id=\"2f41474\" data-element_type=\"container\" data-e-type=\"container\">\n\t\t\t\t\t<div class=\"e-con-inner\">\n\t\t\t\t\t<\/div>\n\t\t\t\t<\/div>\n\t\t\t\t<\/div>\n\t\t","protected":false},"excerpt":{"rendered":"<p>O Governo do Estado do Esp\u00edrito Santo, por meio da Secretaria de Estado da Educa\u00e7\u00e3o, da Subsecretaria de Educa\u00e7\u00e3o B\u00e1sica e Profissional \u2013 Ger\u00eancia de Curr\u00edculo da Educa\u00e7\u00e3o B\u00e1sica (GECEB) em conjunto com outras institui\u00e7\u00f5es, (Secretaria de Direitos Humanos, Secretaria da Fazenda, Universidade Federal do Esp\u00edrito Santo e o Instituto Federal do Espirito Santo) a fim de fomentar a implementa\u00e7\u00e3o dos Temas Integradores em sala de aula, firmaram parceria para elaborar os Cadernos Metodol\u00f3gicos.<br \/>\nOs Cadernos est\u00e3o em conson\u00e2ncia com as novas Diretrizes da Educa\u00e7\u00e3o propostas pela Base Nacional Comum Curricular-BNCC, com o Curr\u00edculo do Esp\u00edrito Santo e com as diretrizes das parcerias estabelecidas.<br \/>\n\u00c9 oportuno destacar que os Cadernos Metodol\u00f3gicos delineiam ferramentas estrat\u00e9gicas de natureza socioemocionais e cognitivas para que os estudantes possam tomar decis\u00f5es claras, objetivas e salutares para o bem-estar de cada um.<br \/>\nIntelig\u00eancia artificial, povos e comunidades tradicionais, educa\u00e7\u00e3o para o tr\u00e2nsito, pic junior, pr\u00e1ticas em inicia\u00e7\u00e3o cient\u00edfica e educa\u00e7\u00e3o ambiental, rob\u00f3tica, programa\u00e7\u00e3o e pensamento computacional, educa\u00e7\u00e3o e envelhecimento, cidadania e democracia na escola, rob\u00f3tica com arduino, educa\u00e7\u00e3o ambiental, preven\u00e7\u00e3o e uso de drogas, pensamento computacional, preven\u00e7\u00e3o \u00e0s viol\u00eancias contra as mulheres, educa\u00e7\u00e3o fiscal.<\/p>\n","protected":false},"author":1,"featured_media":23468,"parent":0,"menu_order":0,"comment_status":"open","ping_status":"closed","template":"elementor_header_footer","meta":{"footnotes":""},"class_list":["post-12023","page","type-page","status-publish","has-post-thumbnail","hentry"],"_links":{"self":[{"href":"https:\/\/curriculo.sedu.es.gov.br\/curriculo\/wp-json\/wp\/v2\/pages\/12023","targetHints":{"allow":["GET"]}}],"collection":[{"href":"https:\/\/curriculo.sedu.es.gov.br\/curriculo\/wp-json\/wp\/v2\/pages"}],"about":[{"href":"https:\/\/curriculo.sedu.es.gov.br\/curriculo\/wp-json\/wp\/v2\/types\/page"}],"author":[{"embeddable":true,"href":"https:\/\/curriculo.sedu.es.gov.br\/curriculo\/wp-json\/wp\/v2\/users\/1"}],"replies":[{"embeddable":true,"href":"https:\/\/curriculo.sedu.es.gov.br\/curriculo\/wp-json\/wp\/v2\/comments?post=12023"}],"version-history":[{"count":51,"href":"https:\/\/curriculo.sedu.es.gov.br\/curriculo\/wp-json\/wp\/v2\/pages\/12023\/revisions"}],"predecessor-version":[{"id":35232,"href":"https:\/\/curriculo.sedu.es.gov.br\/curriculo\/wp-json\/wp\/v2\/pages\/12023\/revisions\/35232"}],"wp:featuredmedia":[{"embeddable":true,"href":"https:\/\/curriculo.sedu.es.gov.br\/curriculo\/wp-json\/wp\/v2\/media\/23468"}],"wp:attachment":[{"href":"https:\/\/curriculo.sedu.es.gov.br\/curriculo\/wp-json\/wp\/v2\/media?parent=12023"}],"curies":[{"name":"wp","href":"https:\/\/api.w.org\/{rel}","templated":true}]}}